common factor of 3 and x.
3
Let q(v) = 2*v**2 - 3*v - 5. Let k be q(-5). Calculate the greatest common factor of 24 and k.
12
Let g = 39 + -14. Calculate the highest common factor of g and 10.
5
Let l = 104 - 68. Suppose 0 = -s - s + l. Calculate the highest common factor of 6 and s.
6
Let k(o) = 5*o**2 - 4*o + 5. Let l be k(6). Suppose -5*u = 3*f - 115, -4*u + 3*f = -57 - 35. Calculate the highest common divisor of l and u.
23
Suppose -4*i = -9*i + 10. Suppose 18 = 5*l + 3*y - 50, -l + 11 = -i*y. Let o be 1/3 - 38/(-3). What is the highest common factor of l and o?
13
Let g be -42 + (2 - 1) + 0. Let s = g + 85. Suppose -u = 3*u - s. Calculate the greatest common factor of u and 121.
11
Let q be 2/6*(18 - 0). Suppose 2*d - q + 0 = 0. Calculate the highest common divisor of d and 6.
3
Let g = -69 + 118. Let l = g + -33. Calculate the greatest common factor of 4 and l.
4
Let t = -4 - 5. Let i(k) = k**3 + 8*k**2 - 10*k + 1. Let s be i(t). What is the highest common factor of 25 and s?
5
Let m(j) = -12*j - 3. Let w be m(-1). What is the greatest common divisor of 81 and w?
9
Let t(j) = 2*j**3 - 2*j**2 + 1. Let r be t(1). Calculate the greatest common factor of 7 and r.
1
Let m be (-44)/(-198) - (-1)/((-18)/(-158)). What is the greatest common factor of m and 18?
9
Let o be (2 + (-8)/(-3))*24. Let l = 43 + -29. What is the highest common factor of o and l?
14
Let q = 571 + -363. What is the greatest common factor of q and 26?
26
Let r(c) = c**3 - 4*c**2 + 7*c - 5. Let u = 10 - 7. Let h = 2 + u. Let b be r(h). Calculate the highest common divisor of 11 and b.
11
Suppose 3*g + n - 24 - 51 = 0, 2*g - 4*n = 36. What is the highest common factor of 6 and g?
6
Suppose -2*c - c = -33. Let k be c + (-5)/(5/2). What is the greatest common factor of 18 and k?
9
Suppose -4*o = -7*o + 120. What is the greatest common factor of 10 and o?
10
Let g be (-1)/(-3) - 40/(-6). Let q be 6/15 - (-173)/5. What is the highest common divisor of q and g?
7
Suppose -6*g + 18 = -12. Suppose -3*u = -0*u - 135. Calculate the highest common divisor of g and u.
5
Let b be (-12)/((-4)/6*3). Let q = b + -4. Let r(y) = -y**3 + 7*y**2 - 4*y + 2. Let o be r(6). What is the highest common factor of o and q?
2
Suppose -4*o = -q + 26 - 9, 0 = 5*o. Let b = 3 - 0. Suppose -b*w = 2*w - 935. Calculate the highest common divisor of w and q.
17
Suppose 13*i - 119 = 271. What is the highest common factor of i and 15?
15
Suppose 0 = -3*a + a + 4. Let i be 0 + (a - (-1 + -12)). Let v(w) = -14*w + 1. Let n be v(-1). What is the greatest common divisor of n and i?
15
Let w(h) = h**3 - 6*h**2 + 5*h. Let f be w(5). Let o be -15*3/(-1 - f). Calculate the highest common divisor of o and 9.
9
Let g be ((-5)/40*4)/((-1)/108). Calculate the greatest common factor of 81 and g.
27
Suppose 4*l + 31 = f, 2*f = -f + 3*l + 57. What is the greatest common divisor of f and 105?
15
Suppose 0 = -b + 3*b - 64. Suppose -159*z = -131*z - 1344. What is the highest common factor of z and b?
16
Let w be (-1 - -8)*(-6)/(-21). Suppose 3 + 7 = w*k, -2*g + 181 = k. Calculate the greatest common divisor of 22 and g.
22
Suppose 4*y - 4*t = 64, -80 = -5*y - 3*t + 6*t. Suppose 3*g = -z + 52, 0 = z + 4*z - 3*g - 332. What is the greatest common factor of z and y?
16
Let p be ((-45)/5 + 5)/(4/(-6)). Calculate the greatest common factor of p and 2.
2
Let s = 65 - 35. Calculate the greatest common divisor of 10 and s.
10
Suppose -o = o - 4. Suppose 0 = 4*b + o*l - 302, l = 5*b + 2*l - 379. Calculate the greatest common divisor of 19 and b.
19
Suppose 8*b = 11*b - 63. Let x = b - 1. What is the greatest common factor of 140 and x?
20
Let p = 4 + -2. Suppose y = -2*l - 0*l - 8, l + 9 = p*y. Let j be y/((3/(-5))/(-3)). Calculate the highest common factor of 30 and j.
10
Let b(w) = 18*w - 8. Let c be b(15). Suppose 0 = 3*m - 0*k - 2*k + 499, -m - 158 = k. Let i = c + m. Calculate the highest common factor of i and 9.
9
Let s be 67/7 + 16/(-28). Calculate the greatest common divisor of s and 18.
9
Let i be (1/2)/(11/44). Suppose 0 = -5*k - 4*l + 240, -30 = -3*k - i*l + 116. What is the greatest common divisor of k and 130?
26
Let t be (51/(-34))/((-2)/20). Suppose -c + 4 = -1. Calculate the highest common divisor of c and t.
5
Let f(n) = -2*n - 7. Let v be f(-7). Let i = 1 + v. Calculate the highest common factor of 24 and i.
8
Let j = 28 - 10. Let k = 81 - j. Let d = 12 + -5. Calculate the highest common factor of k and d.
7
Let y be (4 - 2) + 0 + 4. Suppose m - 5 = -0*m. Suppose -r + 6 = -m*z, -2*r + z + 12 = -2*z. Calculate the greatest common divisor of r and y.
6
Let b = 10 + -3. Let z be ((-2)/(-4))/(b/112). Calculate the greatest common factor of 4 and z.
4
Suppose 0 = 3*s - 5*f - 29, -3*f = 3*s - 4*f - 13. Suppose -s*i + 7*i - 8 = 0. Suppose 0 = -3*q - i*q + 130. Calculate the highest common divisor of q and 13.
13
Let m be (-4 - -3)/(1/7). Let l be (-237)/(-21) + 2/m. What is the greatest common factor of l and 121?
11
Let b(w) = -w**2 - 18*w - 14. Let x be b(-13). What is the highest common factor of 68 and x?
17
Let h = -1696 + 2646. Suppose -x = 4*x - h. Suppose 4*c = 3*p - x, 0*p + 3*p = -2*c + 220. What is the highest common factor of p and 7?
7
Let k(z) = -z**3 - 15*z**2 - 24*z + 22. Let x be k(-14). Suppose 0*i - 36 = -2*i. Calculate the highest common factor of i and x.
18
Let z be ((-18)/5)/((-9)/30). Let l be z - (2 - 1)*-1. Suppose -3*n + l = -8. What is the greatest common divisor of n and 14?
7
Suppose 8 = l + 3*o - 2, 3*o - 24 = -3*l. What is the greatest common factor of 7 and l?
7
Suppose 5*y = -0*g - g + 250, -5 = y. What is the highest common factor of g and 11?
11
Let b = 8 + -3. Suppose 2 = b*t - 43. What is the greatest common factor of t and 81?
9
Suppose 2*w - 10 = -0*w, 50 = -5*b + w. Let m be (-586)/(-14) + b/(-63). Calculate the highest common factor of m and 6.
6
Suppose 4*j = -20, 3*y + 2*j + 13 = -6. Let p be y*(-1 - 133/3). Let n = -64 + p. Calculate the highest common factor of n and 8.
8
Let q(g) = -7*g - 7. Let x be q(-3). Let r = 67 + 3. Calculate the highest common factor of x and r.
14
Let h(m) be the second derivative of m**5/20 + m**4/2 + m**3/2 + 2*m**2 - 4*m. Let s be h(-5). What is the highest common divisor of s and 28?
14
Suppose 0 = -2*k + 7*k + 5, -4*p + 73 = 3*k. What is the highest common factor of 57 and p?
19
Let j = -159 + 168. What is the highest common divisor of j and 180?
9
Let t(o) = 5*o**2 - 2*o**2 + 2 - o**3 + 0*o**2 - 4. Let c be t(2). Calculate the highest common factor of c and 2.
2
Let t be ((-1)/3)/(4/(-408)). What is the greatest common divisor of t and 170?
34
Let h = 411 - 290. Calculate the greatest common factor of 11 and h.
11
Let x(b) = b**2 - b + 1. Let v(m) = 13*m**2 + 8*m - 7. Let s(o) = v(o) + 6*x(o). Let d be s(3). What is the greatest common divisor of 16 and d?
16
Let s be ((-4)/(-2))/((-9)/(-612)). What is the greatest common divisor of s and 17?
17
Suppose 276 = 6*k - 2*k. Let h = k + -5. Calculate the greatest common divisor of h and 8.
8
Suppose 5*i - 206 = 214. Suppose -5*z - 5*o - 7 = -27, 4 = -z - 5*o. Suppose 3*s = z*s - 36. Calculate the highest common divisor of s and i.
12
Suppose 2*b - 40 = 4. Calculate the highest common factor of 198 and b.
22
Let m be 24/3 + 2*-1. Suppose -5*h = 4*x - 83, -3*h - 2*x + 43 = -m. Calculate the greatest common factor of 5 and h.
5
Suppose -1 = f - 10. What is the greatest common factor of f and 3?
3
Let h = -9 - -35. Suppose -f + h = f. What is the greatest common factor of f and 117?
13
Let o(d) = 760*d**2 - d - 1. Let k be o(-1). Let u = -440 + k. Suppose -u = -3*h - h. Calculate the highest common divisor of 8 and h.
8
Suppose -2*c - 6*o - 8 = -o, -2*c + 5*o = -12. Let p be (-66)/(-8) - c/4. What is the highest common factor of p and 8?
8
Suppose 9 = 6*i - 27. Let q = i + 102. What is the highest common factor of 12 and q?
12
Let l be (-1 - 3/(-6))*-26. Suppose -l = -2*b + 7. What is the highest common factor of 90 and b?
10
Let t be (-4)/(-4) - (1 - 26). What is the highest common factor of t and 65?
13
Suppose l - 97 - 40 = 4*m, 504 = 4*l - 5*m. What is the highest common divisor of 11 and l?
11
Let b = -64 - -134. What is the highest common divisor of 14 and b?
14
Suppose -2*w = -25 + 5. Calculate t